7)?
5, 17
Let b = 146612 - 85758. List the prime factors of b.
2, 30427
Suppose 172 + 13 = 5*u. Suppose 33 = c - 10*c - 12. Let h = c + u. What are the prime factors of h?
2
Suppose -5*w - 2*a + 22 = 0, 4 = -4*a + 3*a. Suppose -w*o - 12 = -7*o. Suppose 0 = -o*h - 4*h + 816. What are the prime factors of h?
3, 17
Let f(j) = 2*j**2 - 14*j + 13. Let g be f(6). What are the prime factors of (-23 + 36)/(g/(-28)*-2)?
2, 7, 13
Let x = -10 - -13. Let r = 98 + 127. Suppose -2*h + r = x*h. List the prime factors of h.
3, 5
Suppose 2*q = y + 19912, -3*q - 4*y - 5847 + 35693 = 0. List the prime factors of q.
2, 3, 7, 79
List the prime factors of 9/6*(10114/24 - 57/76).
631
Suppose -109*h + 1475 = -50*h. Suppose -2*r + 3722 = 4*s, -3737 = h*s - 29*s + r. List the prime factors of s.
3, 311
Let u(v) = 84*v**3 + 3*v**2 - 8*v - 1. What are the prime factors of u(3)?
2, 5, 227
Suppose -2*i + 6006 = 3*v, 3004 = 5*i - 4*i + 2*v. Suppose 0*o - i = -5*o. What are the prime factors of o?
2, 3, 5
Let n(r) = r - 12. Let p(h) = -h. Let v(d) = n(d) + 6*p(d). Let z be v(-13). Suppose -c + z = -66. List the prime factors of c.
7, 17
Let u = -24 + 30. Suppose s = -u - 2. List the prime factors of 227/3 - s/6.
7, 11
Let y(m) = 150*m - 47. Suppose -56 = -32*h + 72. What are the prime factors of y(h)?
7, 79
Let t(z) be the first derivative of z**6/60 + z**5/6 + z**4 + 8*z**3/3 + 18. Let k(h) be the third derivative of t(h). List the prime factors of k(-7).
2, 89
Suppose 0 = 4*r + 3*r - 28. Suppose 10*h - r*h - 12 = 0. Suppose 5*i = i - 4*g + 332, -154 = -h*i + 2*g. List the prime factors of i.
2, 5
Let d = 41852 - 28218. What are the prime factors of d?
2, 17, 401
Let h = -2629 - -2604. Let v = 34 + -65. Let r = h - v. What are the prime factors of r?
2, 3
Suppose -4*g + 2*g = 2*m + 2, -g = 3*m + 3. Suppose g*k - 3*k - 3052 = -4*v, -4*v = 3*k - 3028. What are the prime factors of v?
2, 5, 19
Let r(l) = 9*l - 70. Let p be r(12). Suppose 2058 + p = 4*x. List the prime factors of x.
2, 131
Let m(t) = t**3 - 61*t**2 - 6*t + 1059. List the prime factors of m(64).
3, 29, 149
Let j be (6 + 0 - -1)/1. Suppose 12873*w - 12888*w = -32505. Suppose -4*f = j*f - w. List the prime factors of f.
197
Suppose 3*k + 3*r = 3, -3*k + 2*r - 3*r = -1. Let u be 1 + (1 - k/(-1 + 2)). Suppose -c + u*c + 312 = 2*j, -4*c = -8. What are the prime factors of j?
157
Let k(s) = -s**2 + 8*s + 2. Let l be k(8). Let m(i) = 179*i - 2. Let w be m(l). Suppose -5*v + 3*u + 864 = 0, 6*u - w = -2*v + 2*u. List the prime factors of v.
2, 3, 29
Suppose -42*c + 726359 + 211981 = 18*c. What are the prime factors of c?
3, 13, 401
Suppose -3*i + 4*a - 226 = -4442, -3*i = -5*a - 4211. Suppose 0*p = -4*v - 2*p + i, -3*v + 1052 = 5*p. List the prime factors of v.
2, 3, 59
Let u(d) = 9*d - 136. Let w be u(22). List the prime factors of w*-6*7/(-21).
2, 31
Let q(c) = 7 - 11 - 5 - 13 + 9*c. Let z be q(7). Let g = z - -61. What are the prime factors of g?
2, 3, 17
Let x = -68223 - -114502. List the prime factors of x.
46279
Let l = 304 + -301. Suppose 3*k - 4*k + 1914 = l*p, 4*p + 5*k = 2541. What are the prime factors of p?
3, 71
Suppose t = -20*w + 24*w - 73499, -5*w - 9*t = -91925. What are the prime factors of w?
2, 2297
Let x(c) = -17*c**3 - c**2 - 2*c. Let u be x(1). What are the prime factors of (-16)/u*(621 + -6)?
2, 3, 41
Let f = -14198 + 36036. List the prime factors of f.
2, 61, 179
Let w = 19653 - 8555. What are the prime factors of w?
2, 31, 179
Let g = -2814 - -2817. Let c(s) be the third derivative of 7*s**6/120 - s**5/20 - s**3/2 + s**2. What are the prime factors of c(g)?
3, 53
Let u(q) = -q**3 + 7*q**2 - 3*q - 9. Let g be u(6). List the prime factors of (130 - g)/(1/4).
2, 11
Let r(x) = x**3 - 7*x**2 - 5*x - 19. Let w be r(8). Suppose 0 = -2*i + 10 - 6. Suppose -i*m + 31 = w*k + 2*m, 2*m = 8. What are the prime factors of k?
3
Suppose -6*h - 30 = -18. What are the prime factors of (80/8 - (-3)/h)*20?
2, 5, 17
Let b be (-2 - 0)/6*(-114 + -9). Let o = b + -64. Let x = o + 115. List the prime factors of x.
2, 23
Let l(w) = -w**3 + 10*w**2 - 11*w - 15. Let u be l(9). Let p = -24 - u. Suppose 5*o + 100 = p*o. List the prime factors of o.
5
Suppose 4*t - 170 + 684 = 2*f, 0 = -2*f + 5*t + 515. List the prime factors of (f/(-20))/(6/(-656)).
2, 17, 41
Let c = -49 - -51. Suppose c*q = 4 + 26. Suppose -18*x = -q*x - 663. List the prime factors of x.
13, 17
Let v be (-18)/((3/9)/((-5)/(-30))). Let f(s) = s**3 + 14*s**2 + 9*s + 61. What are the prime factors of f(v)?
5, 7, 11
Suppose 0*g + 4*g + 68 = 0. Let j(c) = -40*c + 17 + 9 + 11 - 2*c**2 - 44. List the prime factors of j(g).
5, 19
Let j(o) = o**2 - 7*o - 20. Let h be j(11). Let v(a) = -a**3 + 24*a**2 + 13*a + 29. What are the prime factors of v(h)?
11, 31
Suppose -136*r + 4*q = -133*r - 7694, 5*r - 3*q - 12816 = 0. What are the prime factors of r?
2, 3, 7, 61
Suppose u + 1087 = 3*s, -5*s + 2*u + 1730 = -80. List the prime factors of (s/20 - -1)/((-10)/(-75)).
2, 3
Suppose -4*r - 18 = -2*c, 5*r + 9 = 4*c - 12. List the prime factors of 3 - (310*-2 + c) - 5.
619
Suppose 32*l + 302575 = 51*l. What are the prime factors of l?
5, 7, 13
Suppose -5*q + 153339 = 3*p, -2*q + 61340 = 40*p - 41*p. What are the prime factors of q?
3, 10223
Let c(n) = 1945*n**2 - 26*n - 16. List the prime factors of c(4).
2, 5, 31
Let f(g) = -130*g**3 + 2*g**2 + 8*g + 3. Let o be f(-1). Suppose 2*k + 508 = 3*b - 353, 5*b + 5*k - 1460 = 0. Let h = b - o. What are the prime factors of h?
2, 3
Let j = -3055 + 3975. What are the prime factors of j?
2, 5, 23
Let a(k) = 234*k**3 - 2*k**2 + k + 2. Suppose -2*j + 0*j + 2 = 2*m, 0 = -4*m. What are the prime factors of a(j)?
5, 47
Suppose -3*q + 9814 = 2*d, -6*q + 9*q = -d + 9818. What are the prime factors of q?
2, 1637
Let l be ((-2646)/(-3))/(-6) - 4/(-1). Let a = 35 + l. Let q = a - -250. List the prime factors of q.
2, 71
Let h = -83894 + 119023. What are the prime factors of h?
35129
Suppose -8*u - 214048 = -40*u. List the prime factors of u.
6689
Suppose x - 10042 = -x - 4*t, 3*t - 10038 = -2*x. Suppose 0 = 37*y + 388 - x. What are the prime factors of y?
5
What are the prime factors of 6/84 - 2138825/(-350)?
3, 7, 97
Let j = 255 - 85. Suppose k - 2*k + 395 = 2*h, -h + 5*k = -j. What are the prime factors of h?
3, 5, 13
Let m(l) = -3*l**2 - 12*l + 8. Let f be m(-7). Let t = -49 - f. Suppose t*z - 24 = 2*z. List the prime factors of z.
2, 3
List the prime factors of ((-141)/(-2))/(6/56)*32.
2, 7, 47
Suppose b + 3*b = 42484. List the prime factors of b.
13, 19, 43
What are the prime factors of 12/2 - (-14 - (0 - -4815))?
5, 967
Suppose 0 = -3*u - 831 + 2331. Let c = -55 + u. List the prime factors of c.
5, 89
Let d(s) = 2*s + 9. Let u be d(8). Suppose c = -28 + u. What are the prime factors of 9/c + (-2 - -12)?
7
Let j be (80/(-35) - -2) + (-254)/(-7). Let z = -33 + j. Suppose -4*u = -z*g - 321, -5*u + 0*u + 5*g + 400 = 0. What are the prime factors of u?
3
Let i = 13 - 4. Let t = 654 - 533. Suppose -i*d - 13 + t = 0. What are the prime factors of d?
2, 3
Suppose 25*m - 825380 = 700542 - 154597. What are the prime factors of m?
19, 2887
Suppose 5*a - 5*d + 7*d + 115 = 0, a - d = -30. List the prime factors of a - -138 - (1 + 0).
2, 7
Let j(p) = 2*p**2 - 2*p - 4. Suppose -8*t - 17 = -57. Let u be j(t). Let w = 38 - u. What are the prime factors of w?
2
Let y(j) = 6*j - 3. Let o be y(1). Let w be 0*o/(-18)*(-1)/2. Suppose 0*a - 3*f + 23 = 2*a, 5*f - 25 = w. What are the prime factors of a?
2
Let l be -5*4/5*(-1)/4. Let x(h) = 5*h**2 + 2*h - 2. Let a be x(l). Suppose 10*g - 1635 = -a*g. List the prime factors of g.
109
Let c(n) = n + 12. Suppose -5*x - y - 36 = 0, -3*y + 30 = -4*x - 5*y. Let h be c(x). Suppose -93 = 4*p - h*p. List the prime factors of p.
3, 31
Let r(v) = -1146*v**2 - 6*v + 8. Let m be r(2). Let p = -2348 - m. Suppose -3*q - 11*q + p = 0. What are the prime factors of q?
2, 5
Let z = 11910 - 3727. What are the prime factors of z?
7, 167
Let s be ((-6)/5)/((-48)/(-360)). What are the prime factors of s/21 - 85044/(-84)?
2, 11, 23
Let w(m) = 27*m**3 + 3*m**2 + 26*m - 37. List the prime factors of w(5).
3, 1181
Let f be 57/5 - 4/10. Suppose -14*g = -f*g - 1194. What are the prime factors of g?
2, 199
Suppose 0 = 2*x - 4*u - 126, -2*u 